z(t). Calculate u(2).
10
Let f(x) be the third derivative of -x**6/360 - x**5/40 + x**4/24 + 11*x**3/2 - 35*x**2. Let o(v) be the first derivative of f(v). Determine o(-3).
1
Let q(w) = -w - 2. Suppose 5*i = -5*j + 30, -3*j = 5*i + 12 - 34. Suppose i*n - 4*c + 34 = 0, -3*n - c - 14 - 2 = 0. Give q(n).
5
Suppose 71 = 16*v + 7. Let n(s) = s**3 - 5*s**2 + 4*s - 2. Give n(v).
-2
Suppose 2*d - 5*p - 15 = 0, -5*d - 10 = -4*p + p. Let c(u) be the second derivative of -u**5/20 - u**4/2 - 5*u**3/6 - 7*u**2/2 + 132*u. Give c(d).
-7
Suppose -k - 5*b + 71 = 64, 0 = 3*b. Let d(i) = -2*i**2 + 8*i - 9. Calculate d(k).
-51
Let x = 125 - 67. Let s be -2 + 36/16 - x/8. Let t(f) = f**2 + 5*f - 8. Calculate t(s).
6
Suppose -34*w = -441 + 67. Let c(l) = -2*l + 24. Determine c(w).
2
Let o be (2/6 - 0)/((-5)/45). Let w = -12 - o. Let k(u) = u**3 + 8*u**2 - 9*u - 8. Give k(w).
-8
Let j(g) = g**3 - 13*g**2 - 29*g - 4. Let u be j(15). Let n(y) = 5 + u - 2*y**2 + 8 - 25 + y. Give n(2).
-7
Let x be 10/15 - 14/(-6). Let j(b) = -4*b**3 + b**2 + 7*b - 4. Let c(r) = -11*r**3 + 3*r**2 + 20*r - 11. Let y(o) = -3*c(o) + 8*j(o). Determine y(x).
7
Let c be (-17)/(-3) - (-8)/(-12). Suppose -c*v + 0*v + 20 = 0. Let f(j) = 5*j**2 + 2 - 8*j + 2*j**3 + 4*j - 3*j**3. Determine f(v).
2
Let g(t) = 39*t**3 + 2*t**2 + 26*t**3 - t + 2 - 66*t**3. What is g(3)?
-10
Let z(l) be the first derivative of l**5/20 - l**4/8 + l**3/6 + 12*l**2 - 33. Let w(s) be the second derivative of z(s). What is w(2)?
7
Suppose -15*p + 13 = -2*p. Let j(f) = -23*f**2 - f + 1. What is j(p)?
-23
Let m be ((-4)/3)/(40/(-150)). Let v(h) = -7*h**3 - 6*h**2 - 9*h + 8. Let b(g) = 6*g**3 + 6*g**2 + 8*g - 7. Let w(u) = m*v(u) + 6*b(u). What is w(-5)?
8
Let m(j) = 3*j**3 + 16*j**2 - 11*j - 1. Let d(i) = i**3 + i**2 + 1. Let f(n) = -4*d(n) + m(n). Give f(11).
-5
Let c(j) = j + 3. Let a(y) = 266 - 131 - 134. Let t(w) = -5*a(w) + c(w). Give t(-5).
-7
Let u = -5 - -7. Let t(b) = 130 - b**u - 44 - b - 68. Calculate t(0).
18
Let g(l) = -3*l + 0*l - l**2 + 23 - 19. Suppose -3*w + 5*x + 11 = 0, -2*x = 2*w - w + 11. Give g(w).
4
Let n(w) be the first derivative of -w**5/60 + 3*w**4/8 - 2*w**3/3 - 25*w**2/2 + 15. Let v(h) be the second derivative of n(h). Calculate v(9).
-4
Let q(w) = w**3 - 3*w**2 + 2. Let u be q(3). Let v = 67 + -65. Let g(n) = 3 - n + 8*n**v - 6*n**2 - 1 - n**3. Determine g(u).
0
Let d(y) be the second derivative of -2*y**3/3 + 39*y**2/2 + 2*y - 20. Give d(9).
3
Let t(p) = -p + 5. Let x = -6 - -10. Let u be (-1)/(-5) + x/(-20). Calculate t(u).
5
Let l(r) = -r + 7. Let p be l(8). Let k be ((-9)/(-6) + p)*-2. Let q(w) = 4*w - 2*w + 1 - w. What is q(k)?
0
Suppose 23*x - 9 = 19*x - u, 2*u = 4*x - 18. Let p(d) = -d. Calculate p(x).
-3
Let p(t) = 14 - 4*t - 2*t + 4*t + 2*t + 3*t. Give p(-12).
-22
Suppose -16*f + 5 = -15*f. Let p(j) be the first derivative of -j**4/4 + 4*j**3/3 + 5*j**2/2 + 4*j + 2. Let x be p(f). Let l(s) = -2*s**2 + 6*s. Calculate l(x).
-8
Let x(n) = n**2 + 8*n - 10. Let k = -2009 + 2000. Calculate x(k).
-1
Let b(j) = -11*j. Let z be b(-1). Let y = 6 - z. Let u(f) = 5 + 428*f - 219*f - 207*f. What is u(y)?
-5
Let i(o) = 4*o + 2. Let r(f) = -7 + 3*f - 11*f - 5*f. Let t(p) = 7*i(p) + 2*r(p). Determine t(-3).
-6
Suppose 0*a + 9 = -3*a. Let o(n) = n**2 - 2*n + 5. Let x(u) = -6 - 14*u**2 + 8*u**2 + 4*u**2 + 3*u. Let v(d) = a*o(d) - 2*x(d). Give v(0).
-3
Let w(f) be the second derivative of -f**4/4 - 7*f**3/6 - 5*f**2/2 - f + 23. What is w(-5)?
-45
Let d(t) = -2 + 2*t**2 + 0 - 8 - 7 + 16 + 5*t**3. Determine d(1).
6
Let f(j) = -j**3 - 27*j**2 + 1. Let l be f(-27). Let z = l - 9. Let u(a) = a + 2. Calculate u(z).
-6
Suppose -18 = -3*i - 3*g + 138, 5*i + g - 280 = 0. Suppose -d + 2 = -5*c + 13, i = 5*d + 3*c. Let u(o) = 3*o + d*o - 2 - 4 - 9*o. Calculate u(4).
6
Let q = -1908 + 1904. Let y(b) be the first derivative of -b**3/3 - 2*b**2 + b - 1. Calculate y(q).
1
Let f be 10/15 + 26/6. Let v(y) = 3*y**2 - 1. Let x be v(-1). Let d(p) = 4 - 9*p - x + 10*p. Give d(f).
7
Let n(w) = 2*w - 3. Let d(j) = 4*j**2 + j. Let g be d(1). Suppose g*t - 8*t = -6. Determine n(t).
1
Let a(p) = p**3 - 2*p**2. Let k = 8 - 17. Let j = 12 + k. Let l = -1 + j. What is a(l)?
0
Let z(s) = 2*s + 5. Let t = 1455 + -1463. What is z(t)?
-11
Let b = -82 + 81. Let d(u) be the third derivative of 5*u**4/12 - u**3/6 + 21*u**2. Calculate d(b).
-11
Let o(d) be the second derivative of d**3/3 - 3*d**2/2 + 5*d. Let h(k) = k**3 - 2*k**2 - 6*k + 6. Let t be (-72)/(-32) + (-3)/(-4). Let f be h(t). What is o(f)?
-9
Let k be (-9)/2 - 5 - 6/(-12). Let r(p) = 2*p**2 + 16*p - 22. Calculate r(k).
-4
Let a(x) = -3*x**3 - 5*x**2 + 19. Let u(g) = 5*g**3 + 7*g**2 - 29. Let l(o) = 8*a(o) + 5*u(o). Let r be 2*(-15)/(-6)*1. Suppose -r*f - 8 = -33. Give l(f).
7
Let x = -65 - -102. Let w(d) = x*d + 34*d - 69*d. Determine w(-3).
-6
Let j(x) = -26*x + 262. Let k be j(10). Let n(v) be the first derivative of v**2 + 1/4*v**4 + 3*v - 1 + k*v**3. What is n(-6)?
-9
Let r(u) = -u**3 + 6*u**2 + 7*u - 7. Let l be (-1)/((-5)/5) + 3. Suppose -2*y = -63 + 3. Let d be (y/l - 4)*2. What is r(d)?
-7
Let y(f) = -12*f - 6 + 3528*f**2 - 3529*f**2 - 1 - 9. Give y(-11).
-5
Suppose -3*r - 84 = 2*s, -4*s + 140 = -5*r - 2*s. Let w = -31 - r. Let g(l) = 2*l - 1. Calculate g(w).
-7
Suppose 21 = 4*k + 1. Suppose k*t - 6 = -4*c, -4*c - c = 4*t - 12. Suppose 0 = -c*d + 24. Let q(u) = 3*u - 9. Determine q(d).
9
Let f(m) = 31*m - 96. Let n(o) = 11*o - 33. Let y(s) = -6*f(s) + 17*n(s). What is y(-9)?
6
Let l be 3 - (2 - 2)/(-4). Let p(g) = g**3 - 9*g**2 + 9*g + 11. Let b(c) = 3*c**3 - 27*c**2 + 26*c + 33. Let h(j) = l*b(j) - 8*p(j). Determine h(8).
-5
Let a(o) = -8*o + 1. Let u(w) = 6*w - 245. Let m be u(41). Determine a(m).
-7
Let d = 458 - 462. Let g(f) = 2*f**2 + 6*f - 5. What is g(d)?
3
Let n be ((-11)/3)/(22/66). Let u(c) = c + 13. Determine u(n).
2
Let k(m) = -32 - 2*m - 2*m + 10*m + 0*m + 0*m. Determine k(5).
-2
Suppose -4*k + 1 = 5*g, -7*g + 10 = -2*g - 5*k. Let m(c) = 242*c**2 - c + 1. Let x be m(1). Let n(q) = -240*q - 3*q**2 + 0*q**2 - 1 + x*q. Determine n(g).
-2
Let z(j) = -4 + 5*j - j**3 - 3*j + 2*j + 2*j**3 + 6*j**2. Suppose -4*o - 20 = a, -3*o - 7 - 8 = -2*a. Give z(o).
1
Let a(w) = -w**3 + 9*w**2 - 2*w + 12. Let p(s) = -3*s + 0 + 4*s + 2. Let u be p(7). Calculate a(u).
-6
Let f(l) be the third derivative of -l**6/120 - 7*l**5/60 + 3*l**4/8 - 3*l**3/2 - 23*l**2 + 1. Give f(-8).
-17
Let p(q) be the first derivative of -q**6/120 - q**5/60 - q**4/24 - q**3/3 + q**2 - 16*q - 6. Let k(a) be the second derivative of p(a). Give k(0).
-2
Suppose 6*g - 11*g + 15 = 0. Let t be ((-4)/4 + 3)*g. Let d(v) = -v + 12. Calculate d(t).
6
Let m = -15 - -16. Let z(f) = f + 1. Let p(w) = -2*w + 1. Let g(d) = -p(d) - z(d). Let a(y) = 1. Let q(k) = m*g(k) - a(k). What is q(0)?
-3
Let u(l) = l + 6. Suppose 4 = -4*c + 2*w - 0, 0 = -2*c + 2*w - 4. Let s = -5 + c. What is u(s)?
1
Let g(i) = 6*i + 25. Let u = 1149 + -1153. Calculate g(u).
1
Suppose 3*f + 3*k = -6, 3*f - 6*k + k + 38 = 0. Let z(h) = -5*h + 4. Let a be 3 - (-4 + 5) - 3. Let j(m) = -m. Let c(o) = a*z(o) + 6*j(o). Determine c(f).
2
Let j(l) = l**2 - 19*l + 13. Let d be j(13). Let g = -57 - d. Let s(t) = -2*t + 4. Calculate s(g).
-12
Let w(u) = u**2 - 3. Let g be 3/9 - 10/3. Let t be w(g). Let a(o) be the first derivative of -o**4/4 + 5*o**3/3 + 2*o**2 + 6*o - 358. Determine a(t).
-6
Let x(v) = -6*v. Let b(n) = -5*n**2 - 46*n - 6. Let l be b(-9). Calculate x(l).
-18
Let d(l) be the third derivative of l**4/24 + l**3/2 + 109*l**2. Suppose -8 = q - 0*h + h, 0 = 3*q - 5*h - 8. What is d(q)?
-1
Let k(s) be the first derivative of s**3/3 - 5*s**2/2 - 2*s + 219. Determine k(4).
-6
Let l(z) = -2*z - 12. Let h be l(-6). Suppose h = -3*j - 2*j. Let n(t) = t - 5. What is n(j)?
-5
Let l(p) = -p**2 - 2*p - 2. Let n(o) = 3*o - 14. Suppose -5*d - 8*i + 20 = -3*i, 3*d - 12 = 3*i. Let b be n(d). Give l(b).
-2
Let y(b) = -b - 5. Suppose 5*q + h + 4*h = 0, 0 = -5*q + h. Let a = q - -3. Suppose 5*x = 2*z - 36, -a = -x - x - 5*z. Calculate y(x).
1
Suppose -4*c + 19*i = 17*i + 34, 0 = -2*c - i - 11. Let u(d) = 4*d + 19. Calculate u(c).
-9
Suppose 5*w + 12 = 22. Let y(d) = -2*d + w*d + 4 + d - 2*d. Calculate y(7).
-3
Suppose -24 = -3*w - 0*w. Suppose -w*y = 20 + 28